
3
What is the tens digit of 1634?
3
What is the tens digit of 563?
6
What is the tens digit of 59?
5
What is the tens digit of 195?
9
What is the hundreds digit of 4593?
5
What is the hundreds digit of 247?
2
What is the hundreds digit of 1006?
0
What is the units digit of 3623?
3
What is the thousands digit of 24493?
4
What is the units digit of 2820?
0
What is the thousands digit of 26585?
6
What is the ten thousands digit of 20194?
2
What is the hundreds digit of 19178?
1
What is the units digit of 3013?
3
What is the tens digit of 2878?
7
What is the hundreds digit of 2859?
8
What is the units digit of 9391?
1
What is the units digit of 1732?
2
What is the tens digit of 397?
9
What is the hundreds digit of 212?
2
What is the hundreds digit of 450?
4
What is the tens digit of 29253?
5
What is the hundred thousands digit of 118994?
1
What is the hundreds digit of 4592?
5
What is the units digit of 599?
9
What is the hundreds digit of 275?
2
What is the thousands digit of 2162?
2
What is the hundreds digit of 9005?
0
What is the hundreds digit of 1374?
3
What is the thousands digit of 3125?
3
What is the units digit of 16771?
1
What is the units digit of 75896?
6
What is the tens digit of 3458?
5
What is the tens digit of 4332?
3
What is the units digit of 4062?
2
What is the units digit of 39576?
6
What is the ten thousands digit of 53469?
5
What is the units digit of 11730?
0
What is the hundreds digit of 1074?
0
What is the ten thousands digit of 23353?
2
What is the hundreds digit of 155041?
0
What is the hundreds digit of 12353?
3
What is the thousands digit of 2469?
2
What is the units digit of 755?
5
What is the ten thousands digit of 110878?
1
What is the units digit of 8578?
8
What is the hundreds digit of 4916?
9
What is the hundreds digit of 2004?
0
What is the tens digit of 23558?
5
What is the hundreds digit of 29178?
1
What is the units digit of 1071?
1
What is the units digit of 84?
4
What is the ten thousands digit of 96002?
9
What is the hundreds digit of 674?
6
What is the hundreds digit of 4025?
0
What is the units digit of 84?
4
What is the tens digit of 1545?
4
What is the thousands digit of 9326?
9
What is the hundreds digit of 67420?
4
What is the units digit of 4556?
6
What is the hundreds digit of 15191?
1
What is the tens digit of 157259?
5
What is the units digit of 138?
8
What is the thousands digit of 12460?
2
What is the tens digit of 1135?
3
What is the thousands digit of 46397?
6
What is the ten thousands digit of 56615?
5
What is the tens digit of 828?
2
What is the units digit of 10357?
7
What is the hundreds digit of 1045?
0
What is the units digit of 799?
9
What is the units digit of 489?
9
What is the units digit of 698?
8
What is the ten thousands digit of 18738?
1
What is the hundreds digit of 1000?
0
What is the hundreds digit of 44048?
0
What is the hundreds digit of 6459?
4
What is the hundreds digit of 41822?
8
What is the tens digit of 210?
1
What is the units digit of 6719?
9
What is the hundreds digit of 857?
8
What is the thousands digit of 1721?
1
What is the units digit of 37215?
5
What is the thousands digit of 2493?
2
What is the units digit of 18722?
2
What is the units digit of 13351?
1
What is the units digit of 36277?
7
What is the thousands digit of 9483?
9
What is the ten thousands digit of 22573?
2
What is the thousands digit of 89895?
9
What is the units digit of 35505?
5
What is the units digit of 577?
7
What is the units digit of 4825?
5
What is the thousands digit of 3231?
3
What is the thousands digit of 7028?
7
What is the units digit of 26638?
8
What is the hundred thousands digit of 157194?
1
What is the units digit of 3991?
1
What is the hundreds digit of 3024?
0
What is the tens digit of 6781?
8
What is the thousands digit of 1387?
1
What is the tens digit of 431?
3
What is the tens digit of 20894?
9
What is the thousands digit of 6414?
6
What is the tens digit of 30821?
2
What is the tens digit of 85?
8
What is the hundreds digit of 1178?
1
What is the tens digit of 53289?
8
What is the tens digit of 4159?
5
What is the thousands digit of 1415?
1
What is the hundreds digit of 1892?
8
What is the units digit of 1687?
7
What is the units digit of 24357?
7
What is the thousands digit of 5485?
5
What is the ten thousands digit of 35312?
3
What is the ten thousands digit of 23423?
2
What is the ten thousands digit of 91802?
9
What is the tens digit of 77412?
1
What is the thousands digit of 1717?
1
What is the tens digit of 2084?
8
What is the ten thousands digit of 71829?
7
What is the units digit of 1059?
9
What is the tens digit of 6068?
6
What is the units digit of 5104?
4
What is the tens digit of 1061?
6
What is the hundreds digit of 53934?
9
What is the thousands digit of 2053?
2
What is the thousands digit of 29944?
9
What is the units digit of 443?
3
What is the tens digit of 6901?
0
What is the tens digit of 9114?
1
What is the tens digit of 20851?
5
What is the units digit of 7863?
3
What is the thousands digit of 7850?
7
What is the units digit of 1427?
7
What is the hundreds digit of 3002?
0
What is the hundreds digit of 1357?
3
What is the hundreds digit of 3394?
3
What is the hundreds digit of 2446?
4
What is the hundreds digit of 3847?
8
What is the tens digit of 372?
7
What is the ten thousands digit of 90860?
9
What is the hundreds digit of 27095?
0
What is the tens digit of 676?
7
What is the thousands digit of 2128?
2
What is the thousands digit of 1555?
1
What is the hundreds digit of 16245?
2
What is the thousands digit of 1360?
1
What is the units digit of 451?
1
What is the units digit of 123?
3
What is the tens digit of 5003?
0
What is the hundreds digit of 168?
1
What is the ten thousands digit of 22360?
2
What is the ten thousands digit of 32712?
3
What is the units digit of 828?
8
What is the thousands digit of 1055?
1
What is the hundreds digit of 24863?
8
What is the tens digit of 3872?
7
What is the hundred thousands digit of 102430?
1
What is the hundreds digit of 782?
7
What is the units digit of 1062?
2
What is the thousands digit of 34630?
4
What is the tens digit of 2695?
9
What is the tens digit of 1912?
1
What is the units digit of 6218?
8
What is the hundred thousands digit of 180094?
1
What is the tens digit of 43881?
8
What is the thousands digit of 4973?
4
What is the tens digit of 3651?
5
What is the hundreds digit of 7129?
1
What is the tens digit of 1912?
1
What is the thousands digit of 1013?
1
What is the thousands digit of 1609?
1
What is the hundreds digit of 2282?
2
What is the ten thousands digit of 37097?
3
What is the tens digit of 8887?
8
What is the units digit of 14402?
2
What is the thousands digit of 1345?
1
What is the units digit of 4764?
4
What is the tens digit of 401?
0
What is the hundreds digit of 6371?
3
What is the units digit of 10021?
1
What is the tens digit of 747?
4
What is the thousands digit of 7469?
7
What is the hundreds digit of 15749?
7
What is the thousands digit of 7762?
7
What is the tens digit of 18287?
8
What is the hundreds digit of 689?
6
What is the hundreds digit of 1437?
4
What is the thousands digit of 76230?
6
What is the hundreds digit of 7737?
7
What is the hundreds digit of 11290?
2
What is the units digit of 34780?
0
What is the tens digit of 883?
8
What is the units digit of 4018?
8
What is the units digit of 117169?
9
What is the thousands digit of 76238?
6
What is the units digit of 846?
6
What is the thousands digit of 14334?
4
What is the thousands digit of 2493?
2
What is the hundreds digit of 3274?
2
What is the hundreds digit of 1975?
9
What is the units digit of 4952?
2
What is the thousands digit of 7505?
7
What is the units digit of 10525?
5
What is the tens digit of 14183?
8
What is the hundreds digit of 5296?
2
What is the hundreds digit of 4602?
6
What is the thousands digit of 20506?
0
What is the hundreds digit of 4695?
6
What is the units digit of 25621?
1
What is the units digit of 8227?
7
What is the units digit of 1983?
3
What is the thousands digit of 14590?
4
What is the units digit of 661?
1
What is the hundreds digit of 787?
7
What is the units digit of 63056?
6
What is the tens digit of 10567?
6
What is the hundreds digit of 39844?
8
What is the units digit